6 is divided by 47?
43
Calculate the remainder when 28901 is divided by 401.
29
What is the remainder when 76229 is divided by 4007?
96
Calculate the remainder when 585 is divided by 97.
3
What is the remainder when 26227 is divided by 234?
19
Calculate the remainder when 119567 is divided by 47.
46
What is the remainder when 40513 is divided by 4?
1
Calculate the remainder when 32871 is divided by 422.
377
What is the remainder when 3438 is divided by 65?
58
What is the remainder when 47882 is divided by 84?
2
Calculate the remainder when 19675 is divided by 86.
67
What is the remainder when 433872 is divided by 34?
32
Calculate the remainder when 21129 is divided by 227.
18
What is the remainder when 60498 is divided by 60489?
9
What is the remainder when 29252 is divided by 4411?
2786
Calculate the remainder when 23043 is divided by 22.
9
Calculate the remainder when 12868 is divided by 182.
128
Calculate the remainder when 92559 is divided by 52.
51
What is the remainder when 548491 is divided by 163?
159
Calculate the remainder when 14547 is divided by 49.
43
What is the remainder when 8048 is divided by 337?
297
Calculate the remainder when 53454 is divided by 89.
54
Calculate the remainder when 1423759 is divided by 95.
89
What is the remainder when 4497 is divided by 359?
189
Calculate the remainder when 82939 is divided by 2369.
24
Calculate the remainder when 109274 is divided by 848.
730
What is the remainder when 2258 is divided by 17?
14
What is the remainder when 15158 is divided by 75?
8
Calculate the remainder when 418 is divided by 359.
59
Calculate the remainder when 48949 is divided by 9.
7
Calculate the remainder when 3335 is divided by 3135.
200
What is the remainder when 9495 is divided by 9452?
43
Calculate the remainder when 608 is divided by 7.
6
Calculate the remainder when 61673 is divided by 29.
19
What is the remainder when 30292 is divided by 758?
730
Calculate the remainder when 1190 is divided by 181.
104
Calculate the remainder when 5507 is divided by 262.
5
Calculate the remainder when 133027 is divided by 151.
147
Calculate the remainder when 561 is divided by 124.
65
Calculate the remainder when 4240995 is divided by 100.
95
What is the remainder when 152151 is divided by 25354?
27
What is the remainder when 18920 is divided by 1576?
8
Calculate the remainder when 2459 is divided by 170.
79
What is the remainder when 22112 is divided by 38?
34
Calculate the remainder when 384823 is divided by 38.
35
What is the remainder when 4018 is divided by 82?
0
Calculate the remainder when 79483 is divided by 724.
567
Calculate the remainder when 193752 is divided by 623.
622
Calculate the remainder when 4115 is divided by 1368.
11
What is the remainder when 67942 is divided by 319?
314
What is the remainder when 28508 is divided by 51?
50
Calculate the remainder when 2731970 is divided by 436.
430
What is the remainder when 9277 is divided by 37?
27
Calculate the remainder when 1252 is divided by 7.
6
Calculate the remainder when 104173 is divided by 6114.
235
Calculate the remainder when 8860 is divided by 2946.
22
Calculate the remainder when 736694 is divided by 92085.
14
What is the remainder when 268803 is divided by 200?
3
What is the remainder when 27058 is divided by 132?
130
What is the remainder when 16626 is divided by 47?
35
What is the remainder when 11820184 is divided by 63?
61
What is the remainder when 156608 is divided by 4015?
23
What is the remainder when 348155 is divided by 69624?
35
What is the remainder when 617589 is divided by 617549?
40
What is the remainder when 3879 is divided by 385?
29
What is the remainder when 1143 is divided by 444?
255
Calculate the remainder when 127487 is divided by 249.
248
Calculate the remainder when 314955 is divided by 284.
283
What is the remainder when 12582 is divided by 3114?
126
Calculate the remainder when 1272 is divided by 104.
24
What is the remainder when 256592 is divided by 278?
276
Calculate the remainder when 5433 is divided by 133.
113
Calculate the remainder when 8583 is divided by 100.
83
Calculate the remainder when 1703 is divided by 480.
263
What is the remainder when 420749 is divided by 2984?
5
Calculate the remainder when 6773 is divided by 339.
332
What is the remainder when 74867 is divided by 440?
67
Calculate the remainder when 80714 is divided by 10084.
42
Calculate the remainder when 1734 is divided by 632.
470
What is the remainder when 21917 is divided by 3?
2
What is the remainder when 329876 is divided by 82?
72
Calculate the remainder when 351520 is divided by 945.
925
Calculate the remainder when 5919 is divided by 983.
21
What is the remainder when 16282 is divided by 276?
274
What is the remainder when 255427 is divided by 51?
19
What is the remainder when 917659 is divided by 176?
171
Calculate the remainder when 3125 is divided by 3092.
33
What is the remainder when 464754 is divided by 22?
4
Calculate the remainder when 450 is divided by 24.
18
Calculate the remainder when 159334 is divided by 55.
54
Calculate the remainder when 564 is divided by 538.
26
Calculate the remainder when 20587 is divided by 361.
10
What is the remainder when 2738 is divided by 483?
323
What is the remainder when 17705 is divided by 369?
362
What is the remainder when 151682 is divided by 8922?
8
What is the remainder when 3662 is divided by 252?
134
Calculate the remainder when 5589 is divided by 537.
219
Calculate the remainder when 41560 is divided by 989.
22
Calculate the remainder when 31395 is divided by 16.
3
Calculate the remainder when 1190 is divided by 122.
92
Calculate the remainder when 35362 is divided by 9.
1
Calculate the remainder when 5533 is divided by 465.
418
What is the remainder when 167782 is divided by 41?
10
What is the remainder when 6873 is divided by 124?
53
Calculate the remainder when 4520 is divided by 1503.
11
What is the remainder when 58831 is divided by 1069?
36
What is the remainder when 37346 is divided by 290?
226
Calculate the remainder when 61247 is divided by 1458.
11
Calculate the remainder when 4579 is divided by 16.
3
What is the remainder when 12121 is divided by 12088?
33
Calculate the remainder when 8995 is divided by 3835.
1325
Calculate the remainder when 53433 is divided by 4077.
432
What is the remainder when 465599 is divided by 213?
194
Calculate the remainder when 13962 is divided by 54.
30
Calculate the remainder when 56992 is divided by 18994.
10
What is the remainder when 1688 is divided by 391?
124
What is the remainder when 479479 is divided by 40?
39
What is the remainder when 14600 is divided by 269?
74
Calculate the remainder when 4629 is divided by 1098.
237
Calculate the remainder when 1757231 is divided by 12.
11
What is the remainder when 608201 is divided by 7?
6
What is the remainder when 7665 is divided by 18?
15
Calculate the remainder when 5082 is divided by 279.
60
What is the remainder when 31363 is divided by 92?
83
Calculate the remainder when 93428 is divided by 46694.
40
What is the remainder when 3953 is divided by 84?
5
What is the remainder when 179451 is divided by 920?
51
What is the remainder when 117525 is divided by 306?
21
What is the remainder when 553863 is divided by 171?
165
What is the remainder when 15684 is divided by 980?
4
Calculate the remainder when 3306565 is divided by 33.
31
Calculate the remainder when 19694 is divided by 238.
178
Calculate the remainder when 546268 is divided by 21.
16
What is the remainder when 18351 is divided by 9146?
59
What is the remainder when 5669 is divided by 90?
89
What is the remainder when 59199 is divided by 234?
231
Calculate the remainder when 21877 is divided by 13.
11
Calculate the remainder when 23588 is divided by 680.
468
Calculate the remainder when 1288 is divided by 922.
366
What is the remainder when 179528 is divided by 66?
8
What is the remainder when 42799 is divided by 1676?
899
What is the remainder when 2056 is divided by 128?
8
What is the remainder when 1237773 is divided by 38?
37
What is the remainder when 25149 is divided by 433?
35
What is the remainder when 2928 is divided by 250?
178
What is the remainder when 6109 is divided by 180?
169
Calculate the remainder when 38641 is divided